{"id":2898,"date":"2020-10-27T15:57:13","date_gmt":"2020-10-27T14:57:13","guid":{"rendered":"https:\/\/test.khg-aachen.de\/?page_id=2898"},"modified":"2020-10-30T11:11:39","modified_gmt":"2020-10-30T10:11:39","slug":"fotowettbewerb","status":"publish","type":"page","link":"https:\/\/test.khg-aachen.de\/index.php\/startseite\/mitmachen\/fotowettbewerb\/","title":{"rendered":"Fotowettbewerb"},"content":{"rendered":"\n\n\n<p>F\u00fcr unsere monatlich erscheinenden Postkarten, die in 70 Aachener Innenstadtkneipen in den Displays ausliegen, brauchen wir wieder neue Motive: <strong>Echte Eyecatcher-Fotos!<\/strong><\/p>\n\n\n\n<p>F\u00fcnf der eingesandten Motive werden im kommenden Semester als Postkarten ver\u00f6ffentlicht und weitere 15 in einer Ausstellung und in einer Virtual Gallery im Sommersemester pr\u00e4sentiert.<\/p>\n\n\n\n<p><strong>Teilnahmeberechtigt:<\/strong> Studierende und Hochschulangeh\u00f6rige. Pro Person k\u00f6nnen nur 5 Fotos eingereicht werden.<br><strong>Technik:<\/strong> Aufl\u00f6sung 300ppi, mindestens 20 x30 cm oder 30 x20 cm. Es k\u00f6nnen nur digitalisierte Fotos ber\u00fccksichtigt werden<br>Der Name des \/der Fotografen\/ in&nbsp; <strong>sollte nicht am Foto plaziert werden<\/strong>.<br><strong>Nutzungsrechte: <\/strong>Die eingesandten Fotos bleiben Eigentum der Fotografen. Sie d\u00fcrfen f\u00fcr Print- und Webpublikation bearbeitet und f\u00fcr die \u00d6ffentlichkeitsarbeit der Katholischen Hochschulgemeinden geb\u00fchrenfrei genutzt werden. Bei Publikation ist der\/die Fotograf\/ Fotografin neben dem Bild kenntlich zu machen.<\/p>\n\n\n\n<p><strong>Einsendeschluss: 31. Januar 2021 &#8211;<\/strong> an <a href=\"mailto:gs@khg-aachen.de\">gs@khg-aachen.de<\/a><\/p>\n\n\n\n\n\n<p>Im November werden von der Jury ausgew\u00e4hlten Einsendungen zu EYECATCHER im SoSe 2020 im Foyer der KHG ausgestellt.<\/p>\n\n\n\n<p>Hier vorab ein Preview<a href=\"https:\/\/youtu.be\/qmQ1vZbyWeY\" target=\"_blank\" rel=\"noreferrer noopener\"> https:\/\/youtu.be\/qmQ1vZbyWeY<\/a><\/p>\n\n\n","protected":false},"excerpt":{"rendered":"","protected":false},"author":1,"featured_media":2967,"parent":20,"menu_order":0,"comment_status":"closed","ping_status":"closed","template":"","meta":[],"_links":{"self":[{"href":"https:\/\/test.khg-aachen.de\/index.php\/wp-json\/wp\/v2\/pages\/2898"}],"collection":[{"href":"https:\/\/test.khg-aachen.de\/index.php\/wp-json\/wp\/v2\/pages"}],"about":[{"href":"https:\/\/test.khg-aachen.de\/index.php\/wp-json\/wp\/v2\/types\/page"}],"author":[{"embeddable":true,"href":"https:\/\/test.khg-aachen.de\/index.php\/wp-json\/wp\/v2\/users\/1"}],"replies":[{"embeddable":true,"href":"https:\/\/test.khg-aachen.de\/index.php\/wp-json\/wp\/v2\/comments?post=2898"}],"version-history":[{"count":3,"href":"https:\/\/test.khg-aachen.de\/index.php\/wp-json\/wp\/v2\/pages\/2898\/revisions"}],"predecessor-version":[{"id":2906,"href":"https:\/\/test.khg-aachen.de\/index.php\/wp-json\/wp\/v2\/pages\/2898\/revisions\/2906"}],"up":[{"embeddable":true,"href":"https:\/\/test.khg-aachen.de\/index.php\/wp-json\/wp\/v2\/pages\/20"}],"wp:featuredmedia":[{"embeddable":true,"href":"https:\/\/test.khg-aachen.de\/index.php\/wp-json\/wp\/v2\/media\/2967"}],"wp:attachment":[{"href":"https:\/\/test.khg-aachen.de\/index.php\/wp-json\/wp\/v2\/media?parent=2898"}],"curies":[{"name":"wp","href":"https:\/\/api.w.org\/{rel}","templated":true}]}}