{"id":2841,"date":"2020-10-27T13:39:45","date_gmt":"2020-10-27T12:39:45","guid":{"rendered":"https:\/\/test.khg-aachen.de\/?page_id=2841"},"modified":"2020-10-29T13:47:14","modified_gmt":"2020-10-29T12:47:14","slug":"engagiert-fuer-andere","status":"publish","type":"page","link":"https:\/\/test.khg-aachen.de\/index.php\/startseite\/mitmachen\/engagiert-fuer-andere\/","title":{"rendered":"Engagiert f\u00fcr Andere"},"content":{"rendered":"\n\n\n<p>Auch wenn es f\u00fcr uns lange her ist\u2026 F\u00fcr die Kinder in der Kindertagesst\u00e4tte RoKoKo in Aachen Rothe Erde sind Themen wie schriftliche Subtraktion oder die richtige Schreibweise von \u201eClown\u201c allt\u00e4gliche Fragen.&nbsp; Zu Problemen werden diese Fragen, da den Kindern aus sozial schwachen Verh\u00e4ltnissen zu Hause die Hilfestellung f\u00fcr ihre Hausaufgaben fehlt.<br>Seit 2009 unterst\u00fctzen wir ehrenamtlich diese Kinder im Grundschulalter t\u00e4glich von 14 bis 16 Uhr bei ihren Hausaufgaben im Hort und versuchen, sie f\u00fcr ein besseres Verh\u00e4ltnis zum Lernen und zur Bildung zu motivieren.<br>Lehramtsstudierende bekommen das Engagement auch als Berufsfeldpraktikum anerkannt!<br><br>Wir sind immer auf der Suche nach neuen engagierten Menschen!<br>F\u00fchlst du dich angesprochen? Dann melde dich bei:<br>Beate Engelhoven, Tel. 4700-138<br><a href=\"mailto:be@khg-aachen.de\">be@khg-aachen.de<\/a><\/p>\n\n\n\n<p><a href=\"https:\/\/docs.google.com\/spreadsheet\/ccc?key=0Ak9K1NITDa95dFVNd0NFS292X0hwaEN4Vjhpd3EzdlE&amp;hl=de\" target=\"_blank\" rel=\"noreferrer noopener\">Kalender Hausaufgabenbetreuung<\/a><\/p>\n\n\n\n\n\n<p>Studieren Ohne Grenzen setzt sich f\u00fcr Hochschulbildung in Krisenregionen ein. Wir vergeben Stipendien an bed\u00fcrftige Studierende und tragen zur Verbesserung der Bildungsinfrastruktur bei. Wir f\u00f6rdern dabei explizit engagierte Studierende, die durch eigene soziale Projekte zu Multiplikator:innen werden.<\/p>\n\n\n\n<p>Wir im Zweigverein Aachen betreuen zusammen mit den Lokalgruppen Berlin und Jena ein Stipendienprogramm in Mweso, DR Kongo. Um unsere Arbeit zu finanzieren, planen wir Fundraising-Veranstaltungen wie die Nacht der Profs im Apollo oder auch digitale Veranstaltungen. Wenn du Lust hast, mal in unsere Arbeit reinzuschauen und deine eigenen Ideen umzusetzen, komm einfach zu unserem n\u00e4chsten Treffen!&#8220;<\/p>\n\n\n\n<p>Unsere Kontaktdaten sind:<br>Email: <a href=\"mailto:aachen@studieren-ohne-grenzen.org\">aachen@studieren-ohne-grenzen.org<\/a><br>Facebook: <a href=\"https:\/\/fb.com\/sogaachen\">https:\/\/fb.com\/sogaachen<\/a> bzw. K\u00fcrzel sogaachen<br>Instagram: <a href=\"https:\/\/instagr.am\/sog_aachen\">https:\/\/instagr.am\/sog_aachen<\/a> bzw. K\u00fcrzel sog_aachen<br>Treffen jeden Mittwoch 20:30 in der KHG oder digital, bei Interesse vorher bitte kurz Bescheid geben.<\/p>\n\n\n\n\n\n<p>Das Projekt <em>Schulfee<\/em> zahlt Jugendlichen und Kindern die <em>schoolfee<\/em> \u2013 die Schulgeb\u00fchr. Das bedeutet:<\/p>\n\n\n\n<ul><li>Spendensammlung zur Finanzierung des Schulbesuchs von Sch\u00fclern in Sambia<\/li><li>Zielgruppe: Klassen 8 und aufw\u00e4rts (denn hier sind Geb\u00fchren f\u00e4llig)<\/li><li>Auswahl bed\u00fcrftiger Sch\u00fcler \u00fcber unseren Partner vor Ort (Caritas Monze)<\/li><li>Seit 2014 aktiv<\/li><\/ul>\n\n\n\n<p>Es finden sich ausf\u00fchrliche Erl\u00e4uterungen zur <a href=\"https:\/\/goergen.online\/schulfee_neu\/motivation\/\" target=\"_blank\" rel=\"noreferrer noopener\">Motivation<\/a> und zum Ablauf des <a href=\"https:\/\/goergen.online\/schulfee_neu\/projekt\/\" target=\"_blank\" rel=\"noreferrer noopener\">Projekts<\/a> in den Rubriken. Lesenswert sind die detaillierte Berichte zum Projektverlauf in unserem <a href=\"https:\/\/goergen.online\/schulfee_neu\/blog\/\" target=\"_blank\" rel=\"noreferrer noopener\">Blog<\/a>.<br><a href=\"https:\/\/schulfee-sambia.de\/\" target=\"_blank\" rel=\"noreferrer noopener\">https:\/\/schulfee-sambia.de\/<\/a><\/p>\n\n\n","protected":false},"excerpt":{"rendered":"","protected":false},"author":1,"featured_media":2973,"parent":20,"menu_order":0,"comment_status":"closed","ping_status":"closed","template":"","meta":[],"_links":{"self":[{"href":"https:\/\/test.khg-aachen.de\/index.php\/wp-json\/wp\/v2\/pages\/2841"}],"collection":[{"href":"https:\/\/test.khg-aachen.de\/index.php\/wp-json\/wp\/v2\/pages"}],"about":[{"href":"https:\/\/test.khg-aachen.de\/index.php\/wp-json\/wp\/v2\/types\/page"}],"author":[{"embeddable":true,"href":"https:\/\/test.khg-aachen.de\/index.php\/wp-json\/wp\/v2\/users\/1"}],"replies":[{"embeddable":true,"href":"https:\/\/test.khg-aachen.de\/index.php\/wp-json\/wp\/v2\/comments?post=2841"}],"version-history":[{"count":5,"href":"https:\/\/test.khg-aachen.de\/index.php\/wp-json\/wp\/v2\/pages\/2841\/revisions"}],"predecessor-version":[{"id":2912,"href":"https:\/\/test.khg-aachen.de\/index.php\/wp-json\/wp\/v2\/pages\/2841\/revisions\/2912"}],"up":[{"embeddable":true,"href":"https:\/\/test.khg-aachen.de\/index.php\/wp-json\/wp\/v2\/pages\/20"}],"wp:featuredmedia":[{"embeddable":true,"href":"https:\/\/test.khg-aachen.de\/index.php\/wp-json\/wp\/v2\/media\/2973"}],"wp:attachment":[{"href":"https:\/\/test.khg-aachen.de\/index.php\/wp-json\/wp\/v2\/media?parent=2841"}],"curies":[{"name":"wp","href":"https:\/\/api.w.org\/{rel}","templated":true}]}}