{"id":2741,"date":"2020-10-16T13:10:48","date_gmt":"2020-10-16T12:10:48","guid":{"rendered":"https:\/\/test.khg-aachen.de\/?page_id=2741"},"modified":"2020-10-27T14:40:58","modified_gmt":"2020-10-27T13:40:58","slug":"gottesdienste","status":"publish","type":"page","link":"https:\/\/test.khg-aachen.de\/index.php\/startseite\/angebote\/gottesdienste\/","title":{"rendered":"Gottesdienste"},"content":{"rendered":"\n\n\n<p><strong>Hybride Sonntagsgottesdienste an der KHG<\/strong><\/p>\n\n\n\n<p>Live in Aachen, daheim auf dem Sofa, irgendwo am Strand oder abends mit der WG beim Abendessen \u2013 unser Sonntagsgottesdienst ist hybrid. Wenn Du magst, komm sonntags um 19 Uhr in die KHG und feiere live mit oder nimm uns einfach mit an Deinen Ort. Mit unserem Zoom-Zugang ist das m\u00f6glich:<\/p>\n\n\n\n<p><a href=\"https:\/\/us02web.zoom.us\/j\/84683211295?pwd=VXgreUFuUS9iTmcxRnlYZE8zZ1ZkZz09\">https:\/\/us02web.zoom.us\/j\/84683211295?pwd=VXgreUFuUS9iTmcxRnlYZE8zZ1ZkZz09<\/a><\/p>\n\n\n\n<p>Meeting-ID: 846 8321 1295<br>Kenncode: 901198<\/p>\n\n\n\n<p>Du kannst auch gerne an vielen Stellen im Gottesdienst mitmachen: Zuhause kannst Du mitsingen, Du kannst Deine F\u00fcrbitte mit uns via Chat teilen oder auch beim Schriftgespr\u00e4ch nach dem Evangelium Deine Gedanken aussprechen.<\/p>\n\n\n\n<p>Live, im Saal der KHG, gelten derzeit die folgenden Regeln unseres Schutzkonzeptes:<\/p>\n\n\n\n<ul><li>Desinfizier Dir bitte im Foyer der KHG die H\u00e4nde \u2013 ein Desinfektionsspender steht bereit,<\/li><li>Trag bitte eine Mund-Nase-Bedeckung \u2013 auch auf dem Platz im Saal,<\/li><li>Notiere auf dem bereitliegenden Zettel im Saal Deine Kontaktdaten \u2013 der Zettel liegt auf Deinem Stuhl bereit,<\/li><li>Achte mit auf die Abst\u00e4nde von 2m zu den Anderen \u2013 der Ein-\/Ausgang muss immer freigehalten werden!<\/li><\/ul>\n\n\n\n<p>Danke f\u00fcr Deine Unterst\u00fctzung in dieser Zeit!<\/p>\n\n\n\n\n\n<p>Hast Du Lust die Gottesdienste an der KHG mitzugestalten? Wir haben das Format der hybriden Gottesdienste gestartet und suchen immer Leute, die mit uns die Gottesdienste lebendig und bunter machen. Momentan treffen wir uns alle 14 Tage zur Vorbereitung der anstehenden zwei Sonntagsgottesdienste. Au\u00dferdem beteiligen sich Studierende im Gottesdienst als Lektor*in, in der Technik f\u00fcr das Streaming, als Ordnungsdienste, in der musikalischen Gestaltung oder auch als Vors\u00e4nger*in.<\/p>\n\n\n\n<p>Schau sonntags gerne rein, sprich uns direkt an oder melde Dich bei Matthias, unserem Hochschulseelsorger<\/p>\n\n\n\n<p>mf@khg-aachen.de<\/p>\n\n\n","protected":false},"excerpt":{"rendered":"","protected":false},"author":1,"featured_media":0,"parent":18,"menu_order":0,"comment_status":"closed","ping_status":"closed","template":"","meta":[],"_links":{"self":[{"href":"https:\/\/test.khg-aachen.de\/index.php\/wp-json\/wp\/v2\/pages\/2741"}],"collection":[{"href":"https:\/\/test.khg-aachen.de\/index.php\/wp-json\/wp\/v2\/pages"}],"about":[{"href":"https:\/\/test.khg-aachen.de\/index.php\/wp-json\/wp\/v2\/types\/page"}],"author":[{"embeddable":true,"href":"https:\/\/test.khg-aachen.de\/index.php\/wp-json\/wp\/v2\/users\/1"}],"replies":[{"embeddable":true,"href":"https:\/\/test.khg-aachen.de\/index.php\/wp-json\/wp\/v2\/comments?post=2741"}],"version-history":[{"count":7,"href":"https:\/\/test.khg-aachen.de\/index.php\/wp-json\/wp\/v2\/pages\/2741\/revisions"}],"predecessor-version":[{"id":2864,"href":"https:\/\/test.khg-aachen.de\/index.php\/wp-json\/wp\/v2\/pages\/2741\/revisions\/2864"}],"up":[{"embeddable":true,"href":"https:\/\/test.khg-aachen.de\/index.php\/wp-json\/wp\/v2\/pages\/18"}],"wp:attachment":[{"href":"https:\/\/test.khg-aachen.de\/index.php\/wp-json\/wp\/v2\/media?parent=2741"}],"curies":[{"name":"wp","href":"https:\/\/api.w.org\/{rel}","templated":true}]}}