{"id":2734,"date":"2020-10-16T12:34:43","date_gmt":"2020-10-16T11:34:43","guid":{"rendered":"https:\/\/test.khg-aachen.de\/?page_id=2734"},"modified":"2020-10-29T13:45:57","modified_gmt":"2020-10-29T12:45:57","slug":"spendenprojekte","status":"publish","type":"page","link":"https:\/\/test.khg-aachen.de\/index.php\/startseite\/spendenprojekte\/","title":{"rendered":"Spendenprojekte"},"content":{"rendered":"\n\n\n<p>Vor allem Studierenden aus Entwicklungsl\u00e4ndern, die unverschuldet in Not geraten, wollen wir mit Rat und Tat zur Seite stehen und ihnen unb\u00fcrokratisch und schnell helfen.<br>Den christlichen Auftrag des Teilens nehmen wir ernst und l\u00f6sen Probleme Hand in Hand mit den Betroffenen gemeinsam. Dabei legen wir das Fundament, damit ausl\u00e4ndische Studierende zuk\u00fcnftig derartige Probleme selbst\u00e4ndig bearbeiten und l\u00f6sen k\u00f6nnen.<br>Unser Streben&nbsp; richtet sich darauf zu vermeiden, dass ausl\u00e4ndische Studierende zuk\u00fcnftig in un\u00fcberwindbare Krisensituationen geraten.<br>Wie k\u00f6nnen Sie helfen?<br>Ihre Einzel- oder Dauerspenden helfen ganz konkret:<br>Diese kommen ohne Verwaltungskosten unmittelbar&nbsp; bei den bed\u00fcrftigen ausl\u00e4ndischen Studierenden an!<\/p>\n\n\n\n<figure class=\"wp-block-table\"><table><tbody><tr><td><strong>Katholische Hochschulgemeinde<br>IBAN:DE37 3706 0193 1003 9280 19<br>BIC: GENODED1PAX<br><br>Verwendungszweck:<br>KHG-HILFSFONDS<\/strong><\/td><\/tr><\/tbody><\/table><figcaption>Spendenquittungen stellt das Bistum Aachen bei Angabe der Adresse selbstverst\u00e4ndlich aus.<\/figcaption><\/figure>\n\n\n\n\n\n<p>Das Projekt <em>Schulfee<\/em> zahlt Jugendlichen und Kindern die <em>schoolfee<\/em> &#8211; die Schulgeb\u00fchr. Das bedeutet:<\/p>\n\n\n\n<ul><li>Spendensammlung zur Finanzierung des Schulbesuchs von Sch\u00fclern in Sambia<\/li><li>Zielgruppe: Klassen 8 und aufw\u00e4rts (denn hier sind Geb\u00fchren f\u00e4llig)<\/li><li>Auswahl bed\u00fcrftiger Sch\u00fcler \u00fcber unseren Partner vor Ort (Caritas Monze)<\/li><li>Seit 2014 aktiv<\/li><\/ul>\n\n\n\n<p>Es finden sich ausf\u00fchrliche Erl\u00e4uterungen zur <a href=\"https:\/\/goergen.online\/schulfee_neu\/motivation\/\">Motivation<\/a> und zum Ablauf des <a href=\"https:\/\/goergen.online\/schulfee_neu\/projekt\/\">Projekts<\/a> in den Rubriken. Lesenswert sind die detaillierte Berichte zum Projektverlauf in unserem <a href=\"https:\/\/goergen.online\/schulfee_neu\/blog\/\">Blog<\/a>.<br><a href=\"https:\/\/schulfee-sambia.de\/\" target=\"_blank\" rel=\"noreferrer noopener\">https:\/\/schulfee-sambia.de\/<\/a><\/p>\n\n\n\n\n\n<p><\/p>\n","protected":false},"excerpt":{"rendered":"","protected":false},"author":1,"featured_media":2971,"parent":583,"menu_order":0,"comment_status":"closed","ping_status":"closed","template":"","meta":[],"_links":{"self":[{"href":"https:\/\/test.khg-aachen.de\/index.php\/wp-json\/wp\/v2\/pages\/2734"}],"collection":[{"href":"https:\/\/test.khg-aachen.de\/index.php\/wp-json\/wp\/v2\/pages"}],"about":[{"href":"https:\/\/test.khg-aachen.de\/index.php\/wp-json\/wp\/v2\/types\/page"}],"author":[{"embeddable":true,"href":"https:\/\/test.khg-aachen.de\/index.php\/wp-json\/wp\/v2\/users\/1"}],"replies":[{"embeddable":true,"href":"https:\/\/test.khg-aachen.de\/index.php\/wp-json\/wp\/v2\/comments?post=2734"}],"version-history":[{"count":3,"href":"https:\/\/test.khg-aachen.de\/index.php\/wp-json\/wp\/v2\/pages\/2734\/revisions"}],"predecessor-version":[{"id":2811,"href":"https:\/\/test.khg-aachen.de\/index.php\/wp-json\/wp\/v2\/pages\/2734\/revisions\/2811"}],"up":[{"embeddable":true,"href":"https:\/\/test.khg-aachen.de\/index.php\/wp-json\/wp\/v2\/pages\/583"}],"wp:featuredmedia":[{"embeddable":true,"href":"https:\/\/test.khg-aachen.de\/index.php\/wp-json\/wp\/v2\/media\/2971"}],"wp:attachment":[{"href":"https:\/\/test.khg-aachen.de\/index.php\/wp-json\/wp\/v2\/media?parent=2734"}],"curies":[{"name":"wp","href":"https:\/\/api.w.org\/{rel}","templated":true}]}}