{"id":22,"date":"2020-09-04T07:30:19","date_gmt":"2020-09-04T07:30:19","guid":{"rendered":"https:\/\/test.khg-aachen.de\/?page_id=22"},"modified":"2020-10-28T10:59:10","modified_gmt":"2020-10-28T09:59:10","slug":"beratung-hilfe","status":"publish","type":"page","link":"https:\/\/test.khg-aachen.de\/index.php\/beratung-hilfe\/","title":{"rendered":"Beratung &#038; Hilfe"},"content":{"rendered":"\n\n\n<p><strong>Allgemeine Beratung<\/strong><\/p>\n\n\n\n<p>Die allgemeine Beratung ausl\u00e4ndischer Studierender ist offen f\u00fcr alle. Insbesondere geht es um Fragen zu den Themen Leben und Studium, Wohnen, Arbeiten, Aufenthaltsprobleme und Finanzierung. Die Sprechstunde dient als Gelegenheit zum Erstgespr\u00e4ch. Bei Bedarf vereinbaren wir weitere Termine.<br>Auf Wunsch sprechen wir auch gerne \u00fcber das Programm der KHG Aachen und M\u00f6glichkeiten der Mitgestaltung!<br>Markus Reissen &#8211; 4700123<br>mr@khg-aachen.de<\/p>\n\n\n\n<p>Bitte melden Sie sich zwecks Terminvereinbarung vorher im Sekretariat der KHG, bei Maria Wiertz an. (47000)<br>Das Angebot einer Beihilfe, die die Katholische Hochschulgemeinde Studierenden der Aachener Hochschulen in Krisensituationen anbietet, wird mit Kirchensteuermitteln des Bistum Aachen finanziert.<\/p>\n\n\n\n\n\n<p>Bitte melden Sie sich zwecks Terminvereinbarung vorher im Sekretariat<br><strong>Eveline Kuscha<\/strong>, 4700129<br>ek@khg-aachen.de<\/p>\n\n\n\n\n\n<p>Das w\u00e4chst mir irgendwie alles \u00fcber den Kopf: Studium, Arbeit, Privates, dazu innere Unausgeglichenheit aufgrund existentieller Fragen, die sich in der Seele immer wieder Bahn brechen, obwohl man das im Augenblick gar nicht gebrauchen kann. Da tut es gut, wenn jemand sortieren hilft.<br>Begleitung und Beratung in Lebens- und Glaubensfragen bietet Hochschulseelsorger Matthias Fritz nach Vereinbarung an.<br>Matthias Fritz &#8211; 4700128<br><a href=\"mailto:cs@khg-aachen.de?subject=Lebens- und Glaubensberatung\">mf@khg-aachen.de<\/a><\/p>\n\n\n\n\n\n<p>Im Studienalltag ist meistens wenig Raum f\u00fcr Trauer nach dem Tod eines nahen Menschen aus Familie oder Freundeskreis. Corona, virtuelles Semester, Klausuren und Praktika nehmen darauf keine R\u00fccksicht.<br>Eine gute M\u00f6glichkeit zum Austausch \u00fcber die Erfahrungen, Gef\u00fchle und eigene Gedanken ist eine Trauergruppe mit anderen Studierenden. Die Hochschulseelsorge bietet diese Gruppe mit der Pfarrerin und Seelsorgerin Bettina Donath-Kre\u00df an. Eine Religionszugeh\u00f6rigkeit spielt keine Rolle. Die Gruppe kommt mit mind. drei interessierten Studierenden zusammen und verabredet sich nach einem ersten Treffen gegebenenfalls weiter.<\/p>\n\n\n\n<p>Die neue Trauergruppe trifft sich <strong>ab dem 10.09. ab 19 Uhr in den R\u00e4umen der ESG<\/strong> (Nizzaallee 20). Die Anmeldung erfolgt \u00fcber die evangelische oder die katholische Hochschulseelsorge (Pfarrerin Swantje Eibach-Danzeglocke, ESG, <a href=\"mailto:esg-eibach@rwth-aachen.de\">esg-eibach@rwth-aachen.de<\/a> oder Pfarrer Matthias Fritz, KHG, <a href=\"mailto:mf@khg-aachen.de\">mf@khg-aachen.de<\/a><\/p>\n\n\n","protected":false},"excerpt":{"rendered":"","protected":false},"author":1,"featured_media":2362,"parent":0,"menu_order":0,"comment_status":"closed","ping_status":"closed","template":"templates\/template-full-width.php","meta":[],"_links":{"self":[{"href":"https:\/\/test.khg-aachen.de\/index.php\/wp-json\/wp\/v2\/pages\/22"}],"collection":[{"href":"https:\/\/test.khg-aachen.de\/index.php\/wp-json\/wp\/v2\/pages"}],"about":[{"href":"https:\/\/test.khg-aachen.de\/index.php\/wp-json\/wp\/v2\/types\/page"}],"author":[{"embeddable":true,"href":"https:\/\/test.khg-aachen.de\/index.php\/wp-json\/wp\/v2\/users\/1"}],"replies":[{"embeddable":true,"href":"https:\/\/test.khg-aachen.de\/index.php\/wp-json\/wp\/v2\/comments?post=22"}],"version-history":[{"count":18,"href":"https:\/\/test.khg-aachen.de\/index.php\/wp-json\/wp\/v2\/pages\/22\/revisions"}],"predecessor-version":[{"id":2919,"href":"https:\/\/test.khg-aachen.de\/index.php\/wp-json\/wp\/v2\/pages\/22\/revisions\/2919"}],"wp:featuredmedia":[{"embeddable":true,"href":"https:\/\/test.khg-aachen.de\/index.php\/wp-json\/wp\/v2\/media\/2362"}],"wp:attachment":[{"href":"https:\/\/test.khg-aachen.de\/index.php\/wp-json\/wp\/v2\/media?parent=22"}],"curies":[{"name":"wp","href":"https:\/\/api.w.org\/{rel}","templated":true}]}}